+ 1. Suppose -v = -d*a + 32. Is a a multiple of 10?
False
Let q(g) = 4*g**2 + 7*g + 6. Let x be q(-4). Suppose -3*w - x = -5*j, 2 + 11 = j + 4*w. Is 3 a factor of j?
True
Let i = 222 - 100. Let s be (-388)/5 - (-9)/15. Let q = s + i. Is 7 a factor of q?
False
Suppose -9*d + 5768 + 33472 = 0. Is 109 a factor of d?
True
Suppose 2*o = -v + o + 3, 2*o = -5*v + 12. Is 13 a factor of 4015/22 - v/4?
True
Let x(j) = -39*j**2 - 11*j - 5. Let c(i) be the second derivative of -5*i**4/3 - i**3 - 3*i**2/2 - i. Let q(v) = 7*c(v) - 4*x(v). Is 21 a factor of q(-2)?
False
Let d(p) = -p**2 + 27*p - 24. Let k be d(25). Suppose 5*r - k = -3*y, 0 = -5*r + 3*r + 3*y + 23. Is r even?
False
Let t(c) = 3*c + 249. Let a be t(0). Suppose a + 193 = 4*b + r, 2*r = -3*b + 334. Is 22 a factor of b?
True
Suppose -104 = 4*i - 4*x, -5*i = 2*x - 0*x + 123. Let f = i + 29. Suppose -f*r + 250 = 5*c, -60 = -2*c - 2*r + 40. Is c a multiple of 10?
True
Let q = -34 - -35. Suppose -4*r = 13 - q. Let a(j) = -9*j - 3. Is 24 a factor of a(r)?
True
Suppose 0 = -3*d + 5*f - 375, d - 2*f + 125 = 2*f. Let h = d + 202. Does 24 divide h?
False
Suppose -5*n - 18 + 154 = 2*b, -20 = -n - 4*b. Is n a multiple of 5?
False
Suppose -35 = -2*n - 4*x - 13, 4*x - 1 = 5*n. Suppose 5*u + 5*c + 5 = 0, 4*u + 0*u = -n*c - 1. Suppose -u*t + 225 = -3*s, 3*s = t - 0*t - 117. Does 27 divide t?
True
Let b(s) = -4*s**2 - 95*s - 45. Does 5 divide b(-20)?
True
Let l = -36 + 33. Is 15 a factor of 10/(-2) - l - -114?
False
Is 35 a factor of -1*(-15)/4*72?
False
Let i = 43 + -41. Is (-2016)/(-45) + i/10 a multiple of 15?
True
Suppose 0 = -4*y + 2*w - 51 - 1, -4 = y - 5*w. Let r be y*(-3)/(-24)*4. Is (-14)/r - (-32 + -2) a multiple of 13?
False
Let w = -17 - -23. Let d(f) = -f**2 + 5*f + 3. Let k be d(3). Suppose -w*i = -k*i + 198. Does 11 divide i?
True
Let u(b) = 16*b - 3 + 3 - 4. Let z = -65 - -68. Is u(z) a multiple of 11?
True
Does 17 divide (598 - (3 - 13)) + 4?
True
Let b(o) = 232*o + 18. Is 50 a factor of b(1)?
True
Let r = -234 + 371. Is r a multiple of 29?
False
Suppose 20*r + 7*r - 15363 = 0. Is 18 a factor of r?
False
Suppose 16660 = 19*m - 2*m. Is m a multiple of 10?
True
Let i(z) = -z**3 + 13*z**2 + 5*z - 8. Is i(8) a multiple of 16?
True
Is ((-4)/(-3))/(4/834) + 2 a multiple of 7?
True
Suppose -13*r = -256 - 446. Does 18 divide r?
True
Let v be 1425/20 + 3/(-12). Suppose 2*h = v + 21. Does 8 divide h?
False
Suppose 0 = -6*o + 37 - 1. Let u be o + -6 - 18/(-3). Let y = u + 4. Is 5 a factor of y?
True
Let o = 15 - 21. Let h be o/7*(-7)/(-1). Let g = h + 9. Is g a multiple of 3?
True
Suppose 5*p + q = 22923, -5*p - 1649 = 3*q - 24568. Is p a multiple of 15?
False
Let x(t) = 5*t**2 - 10*t - 27. Is 18 a factor of x(9)?
True
Let u(v) = 36*v - 122. Is 11 a factor of u(26)?
True
Let p = -4 - -8. Suppose -96 = -4*l - p*h, -3*h - 96 = -4*l - h. Does 3 divide l?
True
Let c(s) = 2*s + 3*s**2 - 12*s**2 - s**2 - 12*s**2 - 1. Let b be c(1). Let o = 36 + b. Is o a multiple of 15?
True
Let w = 1461 - 701. Does 38 divide w?
True
Let c(s) = -9*s**2 + 20*s - 15. Let j(o) = -5*o**2 + 10*o - 8. Let v(w) = -6*c(w) + 11*j(w). Does 9 divide v(-8)?
True
Let i be (0 - 46/1)/((-4)/(-4)). Let b = 179 + -97. Let o = b + i. Does 12 divide o?
True
Let k = 16 + -13. Suppose 0 = -2*b + 2*t + 24, -k*b + 2*t + 12 = -2*b. Let f = 4 + b. Is 8 a factor of f?
True
Suppose -3*z - 2*p + 5619 = 0, 7*z - 4*p = 17*z - 18722. Is 8 a factor of z?
False
Let p = 351 + -296. Is 11 a factor of p?
True
Suppose 39*g - 2058 = 18*g. Is g a multiple of 7?
True
Let a = 425 + -298. Let y = 151 - a. Does 6 divide y?
True
Let y = -66 + 63. Is 9 a factor of -3 - -6*(-78)/y?
True
Suppose 12*i = 4*i + 776. Does 62 divide i?
False
Let s(a) = -7*a**2 + 14*a + 28. Let u(d) = d**2 - d - 1. Let c(i) = -s(i) - 6*u(i). Does 11 divide c(11)?
True
Let l(i) = i**2 - 2*i + 2. Let d be l(0). Suppose -d*c - c + 72 = 0. Suppose -3*v + 0*v + c = 0. Is 4 a factor of v?
True
Suppose -52*w + 55*w - 495 = 0. Is 55 a factor of w?
True
Does 36 divide (9 - 14) + 16 + 2113?
True
Let z(g) = 242*g - 24. Is z(1) a multiple of 6?
False
Suppose 8*g - 3*g = 20. Suppose g*a = -a + 15. Suppose 0 = 9*b - a*b - 738. Is b a multiple of 25?
False
Suppose 15*o - 5243 = -818. Does 2 divide o?
False
Let a be ((-4)/(-6))/(93/18 + -5). Suppose 0 = -o - a*o + 90. Is 15 a factor of o?
False
Let a(w) = -5*w + 174. Is 26 a factor of a(-12)?
True
Let o(i) = 2*i - 21. Let g be o(12). Suppose 4 = -y + g*l, -y = 3*l + 1 + 3. Does 2 divide 3*y/6 - -11?
False
Suppose 4*v - 24 = -2*f, 5*v - 4*f = 3*v - 8. Suppose v*a - 9*a = -20. Let h(k) = 7*k - 3. Is h(a) a multiple of 4?
False
Let j be (-565)/(-3) - -1*(-2)/6. Suppose 30*t - 26*t = j. Does 7 divide t?
False
Let l be -1 - -1 - (-4 - -3). Suppose -9 - l = r. Let b(a) = a**2 + 8*a + 1. Is b(r) a multiple of 18?
False
Suppose -159 - 464 = -r - 2*b, -2485 = -4*r - b. Does 17 divide r?
False
Suppose 2*m + 0*m = 36. Is 3 a factor of m?
True
Let u = 3 + 2. Suppose -8 = -l + r, -2*l + u*r + 22 = -0*r. Let i(y) = y**3 - 7*y**2 + 7*y - 1. Is i(l) even?
False
Suppose -2*s - 2*u + u = -40, 0 = -3*s + 5*u + 60. Is s a multiple of 4?
True
Let u = -111 + 69. Let g = -94 - -37. Is u/(-56) + g/(-4) a multiple of 5?
True
Let f = 98 - -17. Suppose -f = 2*q - u + 2, -4*u + 132 = -2*q. Let t = q + 100. Is 9 a factor of t?
False
Let d = 45 - 35. Is (-2)/d*20/(-12)*261 a multiple of 26?
False
Suppose 0*a = 4*a - 4*o - 5964, -3*o - 15 = 0. Is a a multiple of 43?
False
Suppose -74*v = -92*v + 30132. Does 20 divide v?
False
Suppose -4 = -4*j, 3*q - 2*j - 214 = 2*q. Does 15 divide q?
False
Let h = -143 + 340. Suppose -4*t + h = 73. Is 4 a factor of t/2 + 4/8?
True
Suppose -1802 = -6*k + 2470. Does 21 divide k?
False
Suppose -4*w = -w - 9. Suppose w*b + 2*b - 36 = 4*k, k + 3*b = -9. Let x(m) = -m**2 - 11*m - 11. Is x(k) a multiple of 7?
True
Let k = -314 + 538. Is k a multiple of 16?
True
Suppose -6*o = -o + 405. Let w = 150 + o. Let f = 97 - w. Is f a multiple of 16?
False
Let p(y) = -y**3 - 14*y**2 - 2*y - 10. Let n(a) = a**2 - a. Let g(k) = -6*n(k) - p(k). Let o(u) = u**3 - 5*u**2 - 6. Let m be o(5). Does 34 divide g(m)?
True
Let n be 636/(-10)*(-140)/21. Suppose 3*l - 11 + 98 = d, -4*l - n = -5*d. Is d a multiple of 8?
False
Let p(w) = 162*w**2 - 6*w + 5. Does 7 divide p(1)?
True
Let d(w) = w**2 + 12*w - 20. Let s be d(-14). Suppose 3*n - s + 2 = 0. Suppose n*b - 154 = -0*b. Does 12 divide b?
False
Let t(v) = -2*v**2 + 21*v - 6. Let y be t(9). Suppose 4*p - 129 = -2*a - y, -3*p = 4*a - 76. Does 5 divide p?
False
Let s be (288/7)/((-4)/(-28)). Suppose -3*p - s = -7*p. Is p a multiple of 12?
True
Let a(g) = -81*g - 3. Let k be a(-1). Suppose -x - 5*c = -3*c - k, 2*x - 158 = -3*c. Suppose 3*z - 6*z - 78 = -2*d, -2*d = -5*z - x. Is 12 a factor of d?
True
Let k = 8153 - 4549. Is 15 a factor of k?
False
Let c be ((-16)/12)/((-8)/12). Suppose 3*v + 4*s = 27 + 11, c*v + 3*s - 24 = 0. Is v a multiple of 9?
True
Suppose -t = 5*n + 14, 4*t - 4 = -0*t. Let x(o) be the first derivative of 11*o**3/3 - 2*o**2 - o + 33. Is 26 a factor of x(n)?
False
Let v be 1/(-4) - (-51)/12. Let c = v + 1. Suppose b + 0*z - 34 = 4*z, c*b - 5*z - 215 = 0. Is b a multiple of 21?
False
Let f(a) = -1 - 2 - 7 - 16*a. Is f(-4) a multiple of 9?
True
Suppose 48*x - 58*x + 3040 = 0. Is x a multiple of 43?
False
Let n(v) = -3*v**2 + 2*v. Let m be n(2). Let w be (-3)/2*m/6. Is (-16)/(w/(-2 + 0)) a multiple of 12?
False
Let x(b) = -4*b**2 - 30*b - 34. Let s(w) = -3*w**2 - 20*w - 23. Let g(y) = 7*s(y) - 5*x(y). Let m be g(9). Is 26 a factor of (-2372)/(-24) - (-3)/m?
False
Suppose -3*b + 110 = -163. Is b a multiple of 33?
False
Let c be (-2 + 2 + 139)/1. Suppose 6*y = 7*y - c. Suppose 5*i = -k + 190, y = 4*i - 2*k + 1. Is 27 a factor of i?
False
Let a(t) = 2*t - 2. Let n be a(1). Suppose n*d + 10*d = 1140. Is 10 a factor of d?
False
Let g(k) = k - 9*k**2 + 2 - 3*k**2 - k**3 + 15*k**2. Let o be g(2). Is 7 a factor of (-30)/o*80/(-12)?
False
Suppose 536 = -2*t + 10*t. Suppose -33 = -5*w + t. Is w a multiple of 2?
True
Suppose -6*b + 35 + 49 = 0. Does 14 divide b?
True
Is (-8211)/34*(0 - 8/12) a multiple of 23?
True
Let x be 20/4*(-2)/(-1). Suppose -3*r + 2*r + x = 0. Suppose 7*t = r*t - 84. Does 28 divide t?
True
Let f be 3/(1 -